 and 70?
10
Suppose -17*v - 165 = -22*v. Suppose -4*x + 3 = -21. Let k(d) = -d**3 + 5*d**2 + 8*d - 1. Let t be k(x). What is the greatest common divisor of t and v?
11
Let a be 1*2 + 0 + 13. Let l be ((-4)/6)/((-6)/27). Suppose l*j = 2*q - 0*j - 156, 5*q - 4*j - 383 = 0. What is the highest common divisor of a and q?
15
Let y(h) = -h**3 - 6*h**2 + 2*h + 6. Let z be y(-6). Let q be 156/9*z/(-4). Let v = -108 + 173. What is the greatest common divisor of v and q?
13
Let w be 1 + 93/6*8. Suppose m - 1 = 0, 0 = 5*g + 2*m + 3*m - w. What is the greatest common divisor of 36 and g?
12
Let f(y) = y**3 + 10*y**2 - 2*y + 6. Let u be f(-10). What is the greatest common divisor of 234 and u?
26
Suppose 0 = -w - 2 + 4. Let j = w + 2. Suppose -4*x + 0 = -j. What is the highest common divisor of x and 4?
1
Let y(w) be the second derivative of -11/10*w**5 - w - 1/2*w**2 + 0*w**3 + 1/12*w**4 + 0. Let b be y(-1). Calculate the greatest common factor of 11 and b.
11
Let q(s) = -5*s - 11. Let o be q(-8). Calculate the highest common factor of o and 232.
29
Let h = 1 + 2. Let z = h + -3. Suppose 0 = 2*v + o - 97, z*v - 3*v = -2*o - 163. Calculate the greatest common divisor of v and 17.
17
Suppose 2*n - 13 + 1 = 0. Suppose 2*g + g = i - 66, g = -2*i + 132. Calculate the greatest common divisor of i and n.
6
Let l = 5 + -3. Suppose -4*y + 5*u + 55 = 0, -5*y + l*u + 120 = 6*u. Let m = 5 - -3. What is the highest common divisor of m and y?
4
Let j(c) = 23*c**2 - 1. Let t be j(1). What is the highest common divisor of 88 and t?
22
Suppose 4*a - 635 = 37. Let i = a + -6. Calculate the highest common divisor of i and 18.
18
Let w(a) = 14*a**2 + 2*a - 1. Let c be w(1). Suppose 5*v - c = -0*v. Suppose -4*x + 11 = v. Calculate the highest common divisor of x and 10.
2
Let w(o) = -o**2 + 4*o - 2. Let q be w(5). Let g = 11 + q. Calculate the highest common factor of g and 20.
4
Let x = -7 + 6. Let d = 263 - x. Calculate the greatest common divisor of d and 24.
24
Let i(q) = 5 + 0 - q + 3. Let f be i(6). Let h = f + 2. Calculate the highest common divisor of h and 32.
4
Let h = 30 + -9. What is the greatest common divisor of h and 21?
21
Let c = -25 + 41. Let i = c + 80. What is the greatest common factor of i and 12?
12
Let p = 45 + -32. Calculate the greatest common factor of p and 13.
13
Suppose -22 = -4*r + 3*g - 2*g, -3*g - 6 = 0. Let p = 2 - 6. Let h(f) = 4*f**2 + 4*f - 3. Let w be h(p). Calculate the highest common factor of r and w.
5
Let d(h) = h**3 - 4*h**2 - 3*h + 2. Let u be d(5). Suppose -u = -4*m, -5*o = -3*m - 41 - 25. What is the highest common factor of o and 3?
3
Let g(u) = -u**3 - 7*u**2 - 8*u - 4. Let w be g(-6). Let i be (2/w + -1)*-4. Let t be ((-9)/4)/(i/(-8)). Calculate the greatest common factor of 18 and t.
6
Suppose 16 = x - 0*x. Calculate the highest common divisor of 2 and x.
2
Let o = 12 - -198. What is the greatest common factor of 84 and o?
42
Let w be -9*(-2 + (-10)/(-6)). Suppose -w*k - 4 = -52. Let t = 29 - k. Calculate the highest common divisor of 26 and t.
13
Suppose -4*h = 11 - 51. Suppose -6*t = -t + h. Let y be (t - -113) + -1*1. Calculate the highest common divisor of 10 and y.
10
Suppose 2*y = 3*q + 55, y - 1 - 4 = -3*q. Let h be 8/y + 309/15. Let n(d) = -2*d - 7. Let x be n(-5). Calculate the highest common factor of h and x.
3
Suppose 19 - 59 = -4*l + 5*u, -3*u - 37 = -5*l. Calculate the greatest common factor of 1 and l.
1
Let p(v) = 3*v**3 + 7*v**2 - 3*v - 14. Let i(u) = -u**3 + u + 1. Let o(g) = -4*i(g) - p(g). Let m be o(7). What is the highest common factor of 3 and m?
3
Let p be (-2)/6 - (-2)/6. Suppose -3*a + a + 24 = p. Calculate the greatest common divisor of a and 84.
12
Let d(b) = -2*b - 8. Let g be d(-6). Let k be ((-90)/(-8))/(1/g). What is the greatest common factor of 5 and k?
5
Let z = 87 + -74. What is the highest common factor of z and 13?
13
Suppose 15 = 3*w + 57. Let x be (-9250)/(-35) - (-4)/w. What is the greatest common factor of x and 24?
24
Suppose i = 2*i + 3, 0 = 2*v + i + 73. Let k = -21 - v. What is the greatest common factor of 70 and k?
14
Let b(f) = -f**2 + 9*f - 4. Let a be b(7). Calculate the highest common factor of 25 and a.
5
Suppose 5*b + 3*o - 36 = 0, o + 10 = -b + 3*b. Let s = -8 + 20. Calculate the highest common divisor of s and b.
6
Suppose -f = -3*f + 5*h + 57, 5*h - 23 = -3*f. Let q be 1/(-4) - 322/(-8). Calculate the greatest common divisor of f and q.
8
Suppose -2*m = 2*p + 2*m - 42, 70 = 5*p + 3*m. Suppose 4*w = -5*q + 2 + 27, 3*w - q - 36 = 0. What is the greatest common divisor of w and p?
11
Let h(p) = 3*p**2 - 8*p + 5. Let x be h(6). Let w = 133 + x. Calculate the highest common divisor of 22 and w.
22
Suppose 5*h - 11 = 9. Suppose -11 - h = 5*i. Let f be -2*((-24)/(-2))/i. Calculate the greatest common factor of 8 and f.
8
Let p(h) = -h**2 + 10. Let v be 0 - (3 + -3)/1. Let a be p(v). What is the highest common factor of 10 and a?
10
Let b(f) = f**3 - 4*f**2 + f - 4. Let h be b(3). Let n be 35/h*(-80)/14. What is the greatest common factor of n and 160?
20
Let o(c) = -2*c**2 + 19*c + 5. Let s be o(8). What is the greatest common factor of 232 and s?
29
Let d = 20 - 13. What is the highest common factor of d and 63?
7
Suppose -2*n - 2*n = 0. Suppose r = -0*v - 5*v + 55, -5*v - 5*r + 35 = n. Calculate the greatest common factor of v and 84.
12
Let g = 34 - 18. What is the greatest common divisor of 64 and g?
16
Let u = 390 + -258. Let l = -28 + 40. Suppose -l = 3*x - 4*x - 5*c, 3*c = -4*x + 48. What is the highest common divisor of x and u?
12
Suppose 0 = -3*h + 3*f - 5*f + 29, 3 = 3*f. Let t be h/(-6) + (-43)/(-2). Calculate the greatest common factor of 140 and t.
20
Let t(k) = k**2 - k - 4. Let j be t(-2). What is the highest common factor of j and 5?
1
Suppose 2*c + 12 = 68. Calculate the highest common divisor of c and 252.
28
Suppose 0 = 3*i + 2 + 13. Let x be (26/(-10) - -1)*i. What is the highest common factor of 16 and x?
8
Suppose 0 = 3*u + r - 3 - 6, 0 = -r. Let o = -77 - -92. Calculate the greatest common factor of u and o.
3
Let x = 113 - 68. Let v be 4419/x + 1/(-5). Calculate the highest common divisor of v and 14.
14
Suppose 352 = 3*z - 992. Let p = z - 312. What is the greatest common factor of p and 17?
17
Let i(s) = -5*s + 3. Let l(o) = 2 - o**2 + 0*o**2 - 1 + 5*o. Let q be l(6). Let f be i(q). What is the highest common divisor of f and 7?
7
Let p = -13 + 24. Calculate the greatest common factor of 11 and p.
11
Let f(d) = 3*d - 8. Let s be f(6). Let l be 16 - (-7)/(-35)*5. Calculate the highest common factor of s and l.
5
Suppose 0 = 5*s - 8*s + 315. What is the highest common divisor of 35 and s?
35
Suppose -3*t + 8 = -10. Suppose 0 = -i + 3*i - 38. Suppose -i = -2*f + 5. What is the greatest common factor of f and t?
6
Let c be (-2)/(2 - 24/9). Suppose c*x - 720 = -2*x. Suppose 245 = 3*y + 2*p - 207, 0 = y + 2*p - x. What is the greatest common divisor of y and 14?
14
Suppose 15 - 41 = r. Let w = r - -32. Let d = 15 - 3. What is the greatest common divisor of w and d?
6
Suppose -2*l = -2*w + 16, 4*w + 5*l - 22 = 10. Suppose -2 = 3*r - w. Let m be (1 - 3)*(-11)/r. What is the greatest common divisor of 66 and m?
11
Let t(o) = -3*o + 11 - o**2 + 5*o - 2*o - o. Let v be t(0). Calculate the greatest common divisor of v and 88.
11
Let j = 14 - -13. Calculate the greatest common factor of 297 and j.
27
Suppose -4*f = 3*b - 88, -4*b + 27 = -5*f - 49. Suppose -5*h + m + m + 25 = 0, 0 = 5*h - 3*m - 30. What is the greatest common factor of b and h?
3
Let v be -2 - 0/(-4) - (-90 - 0). Calculate the highest common factor of 16 and v.
8
Let c = -100 + 114. Suppose -4*f = 5*m - 540, -m + 66 + 31 = 3*f. Calculate the highest common factor of m and c.
14
Let v be (2 - -1)/(9/48). Suppose 0 = -2*j + v. What is the highest common factor of j and 20?
4
Let h(r) = 4*r**2 - r - 2. Suppose 4*m - 8 = 5*y - 0, 2*m - 3*y = 4. Let d be h(m). What is the greatest common factor of 132 and d?
12
Suppose 117 = 5*o - 3*t, 5*t + 2 = 7. Let b = o - -24. What is the greatest common factor of b and 72?
24
Suppose -g = 3*g - 264. Calculate the greatest common divisor of 33 and g.
33
Suppose -3*r + 70 = -r. Let c(j) = -j**2 - 5*j - 1. Let i be c(-3). What is the greatest common divisor of 